4)?
-6
What is (16 - 4 - 6) + -2 + 9?
13
What is (9 - 1 - (40 - 26)) + 9 + -1?
2
What is the value of -3 - (-16 + 9) - (1 - -1)?
2
Evaluate (0 - (41 - 5)) + 22.
-14
What is (36 - (-2 - 0)) + -2368 + 2359?
29
Calculate 10 + (-12 - -11 - (2 - -7)) + -9.
-9
What is 3 + 3 + -4 + (-4 + -13 - -12)?
-3
Evaluate (17 - 6) + -6 + 3 + 9.
17
Calculate -3 + (1 + -9 - (-12 - -7)) - 12.
-18
Calculate -8 + (44 - 38) - (1 + 0 - 8).
5
-115 + 128 + (-12 - (-4 + -1))
6
20 - 20 - (-7 - 2)
9
What is the value of 2 + 1 + (-5 - -3) + 7?
8
Calculate -11 + (5 - (-7 + -15)) - 6.
10
What is the value of 0 + 2 + -3 + 21 + (3 - 7)?
16
What is the value of (4 + -1 - 1) + -39 + 38?
1
(6 - 3) + -7 + 5 - 12
-11
What is the value of (0 - (23 + -1)) + (120 - 229 - -107)?
-24
Evaluate 0 + -17 + (7 - (-26 - -27)) + -8.
-19
Calculate 1 - 9 - (52 + -62).
2
Calculate -1 + 11 + (-46 - -33).
-3
What is the value of 5 + 4 - (1 + -19 + 20)?
7
(-21 - 16) + 2 - (-3 - -1)
-33
Evaluate 7 + -1 + (5 - 1) + -6 + 3.
7
What is 11 - 0 - (-9 + (11 + -22 - -22))?
9
14 - 1 - (-3 - -5 - (12 - 16))
7
Calculate 223 + -225 + 7 + 1 + -19.
-13
Evaluate -1 - -17 - ((-6 - 11 - -18) + -8).
23
Calculate -28 - ((-63 - -17) + 25).
-7
Evaluate (0 - -1) + 0 + 6 - (-147 - -141).
13
-10 + 5 + (-8 - 1)
-14
Evaluate -1 - (9 + (2 - 7) - -2).
-7
What is the value of 0 - ((19 - 12) + -8)?
1
Calculate -16 + -7 + (2 - -6) + 7.
-8
What is the value of 7 + (3 + -4 - (-1 - (-2 - -2)))?
7
Calculate 5 - (0 - (8 + 3 - 8)).
8
What is the value of (-3 - -9) + -90 + 72 - -50?
38
Calculate (6 - (-18 - 12)) + -15.
21
Evaluate -12 + 1 + -73 + 67 - -35.
18
12 - ((5 - (-3 + 17)) + 5)
16
-13 - (8 + -3) - (5 + -14)
-9
Calculate (-5 - -2) + (-16 - 6) - -5.
-20
-10 - -1 - ((-2 - 8) + 2)
-1
What is (-1 + -2 - -1 - -4) + 1?
3
What is the value of -5 - 1 - (421 + -419)?
-8
Calculate -1 - -1 - 4 - (-26 + -40 - -69).
-7
Calculate -1 - (4 - 6) - 0 - (-7 + -2).
10
Evaluate -14 + (14 - 19) + 12 + 5.
-2
What is the value of 25 + -20 + (-13 - -10) + 15?
17
What is -9 + 3 + -3 + 3 + (4 - 13)?
-15
What is (-4 - (18 + -41)) + -25?
-6
What is (32 - 46 - -19) + (1 - 11)?
-5
Calculate -138 - -129 - (-20 + 1).
10
Calculate 0 - (-8 - 1) - (512 - 511).
8
What is the value of -19 + 2 - (6 + -16)?
-7
What is the value of -1 - 25 - (19 + -31 - -11)?
-25
Evaluate -20 - (-6 + (-8 - 1) + 6).
-11
-7 + -1 - (-39 - -39)
-8
What is the value of 4 - (15 - 9) - -1 - (1 + -4)?
2
(-6 - 1 - 2) + -2
-11
-212 + 174 - (0 + -1 + 0 + 0)
-37
(51 - 48) + -5 + -2
-4
Evaluate 11 + (8 + 4 - 11) + -10.
2
What is the value of 0 - (42 - 53 - -39)?
-28
Calculate -7 + -6 + (4 - -6) + -6.
-9
Evaluate 5 - -7 - 16 - -11.
7
What is (15 + -10 - (-2 - -2)) + 4?
9
Evaluate 10 + 3 + -18 - (-1 + 1 - 23).
18
Calculate -5 - (-3 - 11) - 3.
6
Evaluate -3 - 47 - (689 + -718).
-21
Calculate -5 - (2 + -7 - -14).
-14
What is 32 + -63 - (5 - 26)?
-10
Evaluate 21 + (-39 - -11) - (1 - 5).
-3
4 - ((-2 - 11) + 4 + 4)
9
Evaluate -8 + -6 + 16 + 8 - 11.
-1
What is (0 - -1) + 17 - (-41 + 41)?
18
Evaluate 2 + 4 - ((-8 - 6) + 1).
19
Evaluate -9 - (15 - 17) - (-14 + 0) - -17.
24
Calculate 3 - -6 - ((-3 - 0) + 7).
5
Evaluate 10 - 11 - -4 - (4 + 20).
-21
-17 + (29 - -27 - 33)
6
Evaluate (-2 - 5) + (-6 - (-32 + (-8 - -7))).
20
Calculate 3 + -32 - (-5 + -16).
-8
-11 + -33 + 36 + 38
30
212 + -188 + (-4 - -2)
22
Evaluate 13 + 0 + 2 + (138 - 139).
14
What is the value of 15 + (-10 - -1 - -2)?
8
What is 1 + (2 - 8) + 37 + -36 + 25?
21
Evaluate (-2 + 2 - -2) + -11 + (302 - 300).
-7
What is (32 - 22) + -11 + -1 + -10 + -2?
-14
109 + -106 - (4 + 2 + -8)
5
What is the value of -44 + 39 + 6 + 12?
13
Calculate -1 - (-9 + (-2 - (-12 + 4))).
2
What is 31 + -1 - (-1808 - -1875)?
-37
What is 14 - (11 - 0) - (3 - 1)?
1
What is the value of 2 + -4 + 27 - (-4 - -7)?
22
Calculate 11 - (10 + (3 - 2)).
0
-13 + 9 + 10 + 4 - 27
-17
(-27 + -8 - -16) + 7
-12
-12 + (9 + 3 - -5)
5
13 + (-9 - -7) - 27 - -6
-10
Calculate (-4 + 11 - 13) + (-10 + 4 - 1).
-13
Calculate (-2 - -1 - 15) + -930 + 918.
-28
What is -5 + (-1 + 7 - -4 - 6)?
-1
What is the value of -11 + 18 + -13 + 6 - (12 + -1)?
-11
What is 141 + -122 - (38 + 1)?
-20
Calculate 8 - (8 + 5 + 46 + -61).
10
Calculate 1 + -2 + (1 - 1) + -19 + 15.
-5
Calculate -40 - (55 + -79) - (6 - 1).
-21
Calculate (11 - 21 - -11) + (28 - 7).
22
Evaluate (11 - (7 - 3)) + 22 + -13.
16
Calculate 21 - (35 + (-2 - 5)).
-7
What is the value of (2 - -6) + -3 - 5 - (-59 + 27)?
32
What is 12 - (18 + -18 - 12 - (2 + -8))?
18
Evaluate -35 - (-6 + -12) - 9.
-26
-3 + 2 + 7 - (5 - (12 + 13))
26
Evaluate -2 - -4 - 19 - (-6 + 22 + -18).
-15
What is the value of -1 - (26 + -36) - (1 + 1)?
7
Calculate -146 - -137 - (-12 + (5 - 3)).
1
Evaluate 15 + -9 - (-8 + 25) - -3.
-8
Calculate (3 - (12 - 0)) + (-16 - -10 - -1).
-14
Evaluate 4 - (-4 + (4 - (-8 + 2))).
-2
(-3 - 0 - (-8 + -2)) + (-25 - -24)
6
What is (15 + 3 - -5) + -5 + 4 + -1?
21
Evaluate 1 + (5 - 0) + (-64 - (-52 + -20)).
14
What is the value of (-1 - -3) + ((3 - 3) + 13 - 3)?
12
What is -24 + 0 + (410 - 412)?
-26
What is the value of (-3 - 1) + -1 + (31 + -15 - -12)?
23
Evaluate (-16 - -6) + 1 + 2 + -29 + 4.
-32
What is 29 + (4 - -16 - 41)?
8
What is the value of -3 + 7 - 26 - -39?
17
Evaluate -6 + (22 + -18 + -11 - (-1 + -6)).
-6
Calculate 11 + (-11 - -10) + (10 - -2).
22
8 - (2 + -3) - (38 - 37)
8
What is (-507 - -489) + 0 + 13?
-5
(11 - (0 + -2 - -5)) + (38 - 70)
-24
Calculate -7 + (-16 - ((-9 - -1) + -4)).
-11
Evaluate 15 + (-1 - (6 + -14)) + -10.
12
What is -7 - (1 + -21 - -13)?
0
Calculate 32 + -24 - 16 - 6.
-14
Evaluate (-670 - -677) + (1 + -3 - -3).
8
(2 + -2 - (17 + -18)) + -10
-9
-5 + -8 + 7 + (9 - 2)
1
What is (19 - (-28 + 26)) + -22?
-1
What is the value of (0 - -19) + 29 + 33 + -68?
13
What is -6 + (2 + -4 - 5 - (-13 + 8))?
-8
What is the value of (3 + -5 - 14) + 5 + -1 + -1?
-13
1 - (17 - 6) - -29
19
Calculate (20 - 4) + 27 + -15.
28
Calculate 381 - 386 - (-11 + 0).
6
What is the value of (-17 - -7) + 22 - (16 - -6)?
-10
What is the value of 1 + (3 - 0) + (-273 - -269)?
0
Calculate (23 - 32 - 24 - (2 + 7)) + 6.
-36
Evaluate -22 - -36 - 29 - (-2 + 19).
-32
What is -2 + (-4 - -9) + -29?
-26
What is -79 + 102 + (-8 - 13)?
2
Evaluate 0 + (5 - 5) + (-13 - -11) + 21.
19
What is the value of -11 - (-2 + -33 + 20)?
4
Calculate 8 + -8 + 0 + (-7 - -3 - -15).
11
Evaluate -4 - 4 - (-94 - -69).
17
Evaluate (4 - (-5 + -14)) + -26.
-3
Evaluate 17 - 0 - -2 - (-62 - -68).
13
What is the value of -19 - (-23 + 11 + -17)?
10
Calculate -29 + 31 + (19 - 16).
5
What is -12 - (1 + 15 - 12)?
-16
Calculate 20 - (23 + -26 - -44).
-21
-144 + 142 + (-2 - 4)
-8
What is 2 + (31 - 17) - 32 - (1 - 1)?
-16
Evaluate (4 - 1) + 10 + 7 + (-6 - -13).
27
What is (-2 + 5 - 7 - -2) + (-20 - -8)?
-14
What is (21 - (-17 + (-9 - -24))) + -13?
10
Evaluate (-6 - -1 - (-1 - (-4 + 4))) + 11.
7
Evaluate 7 - ((8 - 3 - -2) + -5).
5
10 - ((-2 - -8) + (-17 - -3 - -6))
12
What is -2 + 12 + (0 - -9) + 3?
22
What is the value of (-4 + 3 + 7 - -10) + -1?
15
Evaluate -5 - (-20 + 12) - (10 - -1).
-8
What is 11 - (19 + -11 + 11 + -11 - -11)?
-8
What is the value of 2 + (-4 - (0 - -8) - -9 - -9)?
8
What is the value of 4 - (-48 + 48 + (-1 - 1)) - -2?
8
Calculate 23 + (6 + 6 - 19).
16
Calculate 113 + -98 + (-34 - 1).
-20
Evaluate -33 + 36 + 4 + -21.
-14
19 - (36 - (7 - -1))
-9
1 + (-4 - (-8 - -1) - -10)
14
Evaluate -17 + (-25 - (-20 + (9 - -2))).
-33
Calculate (-2 - (0 + -8) - 4) + 7.
9
What is the value of -7 - ((1 - -10) + (8 - 10) + -5)?
-11
Calculate 25 - (-1 + 22) - (-1 + 20 - 0).
-15
What is the value of 17 + -19 + (13 - 2)?
9
Evaluate -3 - 2 - -3 - (8 + -28) - 3.
15
Calculate 42 - 37 - (3 + (2 - (2 + -6))).
-4
What is the value of 5 + -2 - (-6 + 0 + 2 + -1)?
8
What is -10 - (-36 + 16 + 12)?
-2
Evaluate -5 + 11 + (-8 + 11 - 2) - 16.
-9
21 + -1 - (-469 - -475)
14
Evaluate (25 - 10 - (3 - -22)) + 23.
13
What is the value of 1 - -3 - (45 + (2 - 29))?
-14
Evaluate -4 + 8 + -9 - (7 + -5 + -7).
0
What is -6 + (-11 - -40 - (1 - -3) - -5)?
24
Calculate 9 + -6 - -2 - 2.
3
Calculate 2 + -18 - (-10 - 2).
-4
What is 0 + -6 + (1 - 0) - (324 - 319)?
-10
Calculate 36 + (-25 - (-13 - -6)).
18
10 + (-18 - -5) - (-2 + 1)
-2
3 + -3 + -2 - 12 - (-18 - -24)
-20
What is the value of 14 + -19 + (8 - 2)?
1
What is the value of (62 - 5